Let g(o) = 7*o**2 - 28*o - 5. Give g(5).
30
Let z(n) = 5*n - 54. Calculate z(9).
-9
Let c(v) = 13*v**2 + 181*v - 2. Calculate c(-14).
12
Let l(f) = -2*f + 1. What is l(7)?
-13
Let s(y) = y**2 + 5*y + 4. What is s(-6)?
10
Let v(t) = 6*t + 84. Determine v(-12).
12
Let l(k) = 20*k - 263. Calculate l(11).
-43
Let k(n) = n**3 + 8*n**2 - 7. Give k(-8).
-7
Let y(g) = -g**3 - g**2 - 2*g - 1. Calculate y(-1).
1
Let o(r) = 2*r**3 + 13*r**2 - r - 8. Give o(-6).
34
Let o(l) = -14*l - 29. Give o(-16).
195
Let p(a) = a**3 - 15*a**2 + 13*a - 16. Give p(14).
-30
Let u(n) = -2*n**2 - 12*n + 2. What is u(-7)?
-12
Let o(w) = -2*w**3 + 9*w**2 - 2*w + 11. Give o(4).
19
Let y(z) = -7*z - 16. What is y(-3)?
5
Let m(s) = -8*s + 13. Determine m(6).
-35
Let k(t) = 3*t - 9. What is k(-8)?
-33
Let y(s) = 4*s - 91. Calculate y(24).
5
Let h(s) = -s**3 + 9*s**2 - 5*s - 44. Calculate h(8).
-20
Let f(t) = -2*t - 16. What is f(-6)?
-4
Let m(k) = 2*k**2 - 6*k + 9. Calculate m(2).
5
Let v(i) = i**3 + 8*i**2 - 10*i + 8. Give v(-9).
17
Let s(b) = -b**3 + 6*b**2 - 13*b + 29. Calculate s(7).
-111
Let s(o) = -o - 23. What is s(-16)?
-7
Let x(v) = v**3 - 28*v**2 + 25*v + 13. Determine x(27).
-41
Let w(t) = -t**3 + 24*t**2 - 47*t + 60. Determine w(22).
-6
Let t(a) = -a + 33. Give t(28).
5
Let r(i) = -i**3 - 4*i**2 + 12*i - 14. Give r(-6).
-14
Let f(y) = y**2 + 80*y + 156. Determine f(-78).
0
Let p(j) = j**2 + 19*j - 196. Determine p(-28).
56
Let b(f) = f**2 + 15*f + 11. Give b(-13).
-15
Let p(u) = -u**3 - 22*u**2 + 7*u - 48. Calculate p(-22).
-202
Let b(n) = -46*n + 504. Give b(11).
-2
Let f(k) = -k**2 - 2*k + 4. Determine f(0).
4
Let n(k) = -k**2 + k + 9. Give n(5).
-11
Let s(y) = -8*y - 7. Determine s(4).
-39
Let s(g) = g**3 + g**2 + 3*g - 3. Give s(-3).
-30
Let j(o) = o**3 + 6*o**2 - 3*o - 32. Give j(-6).
-14
Let f(o) = -o**3 + o**2 + o + 34. Calculate f(0).
34
Let s(j) = -j**3 + 2*j**2 + j - 4. Determine s(4).
-32
Let x(d) = 11*d**3 + 2*d**2 - 7*d + 6. Give x(1).
12
Let x(p) = 8*p - 16. Determine x(2).
0
Let f(a) = -a**3 - 49*a**2 - 3*a - 155. Determine f(-49).
-8
Let v(n) = n + 1. Calculate v(2).
3
Let b(m) = -6*m + 95. Calculate b(14).
11
Let o(r) = 11*r - 2. What is o(-2)?
-24
Let p(x) = -2*x**2 - 70*x - 196. Give p(-32).
-4
Let f(p) = -p**2 - 4*p + 17. Determine f(-6).
5
Let d(w) = w - 6. Determine d(7).
1
Let x(n) = n**3 + 5*n**2 - 3*n + 13. What is x(-6)?
-5
Let y(s) = s**3 - 8*s**2 - 9*s - 13. What is y(9)?
-13
Let w(k) = 2*k**2 - 21*k - 23. Give w(11).
-12
Let g(y) = y**3 + 3*y**2 + 7*y + 10. Give g(-4).
-34
Let u(w) = w**2 + 15*w + 17. Determine u(-14).
3
Let x(z) = -7*z + 36. Give x(4).
8
Let o(v) = v**3 - 6*v**2 + 3*v. Determine o(5).
-10
Let z(h) = 22*h - 10. Determine z(-3).
-76
Let c(r) = r**2 + 16*r - 12. Give c(-9).
-75
Let w(r) = -2*r**2 - r - 7. What is w(-6)?
-73
Let t(r) = -2*r**2 + 15*r + 6. What is t(8)?
-2
Let q(a) = -a**2 + 14*a. Determine q(15).
-15
Let f(s) = -20*s. Give f(-1).
20
Let t(u) = u**3 - 41*u**2 + 116*u - 96. Determine t(38).
-20
Let l(x) = x**3 + 38*x**2 + 69*x - 119. What is l(-36)?
-11
Let r(d) = d**3 - 12*d**2 + 7*d - 4. Give r(11).
-48
Let u(r) = -r**3 + 13*r**2 - 27*r + 44. Calculate u(11).
-11
Let c(r) = -6*r + 65. Determine c(10).
5
Let x(c) = -c - 15. Give x(-9).
-6
Let k(h) = -h**3 + 12*h**2 - 13*h + 10. Determine k(11).
-12
Let y(w) = -w**3 - 19*w**2 - 14*w + 10. Calculate y(-18).
-62
Let h(c) = -c**3 + 6*c**2 + 10*c - 14. Give h(7).
7
Let l(p) = -p**3 + 18*p**2 + 21*p - 44. What is l(19)?
-6
Let s(h) = -39*h + 121. Calculate s(3).
4
Let p(q) = -2*q**2 - 23*q - 12. Give p(-11).
-1
Let h(f) = 14*f - 21. Calculate h(16).
203
Let o(x) = -x**3 - 5*x**2 + 6*x + 4. Give o(-6).
4
Let h(u) = 17*u + 118. Calculate h(-6).
16
Let z(k) = -4*k**2 - 4*k + 24. What is z(0)?
24
Let w(z) = -z**3 + 21*z**2 - z + 26. Determine w(21).
5
Let n(j) = 5*j - 16. What is n(6)?
14
Let j(q) = -q + 1. Determine j(2).
-1
Let o(l) = 3*l - 24. What is o(12)?
12
Let c(p) = -p**2 + 12*p - 21. Calculate c(10).
-1
Let b(s) = s**2 - 2*s + 4. Calculate b(2).
4
Let q(c) = c**2 - 5*c - 13. Give q(9).
23
Let s(r) = -r**3 - 17*r**2 + 17*r + 11. What is s(-18)?
29
Let w(v) = v**3 - 11*v**2 - 2*v - 7. Determine w(11).
-29
Let d(j) = -16*j - 8. What is d(2)?
-40
Let o(n) = -2*n**2 - 38*n + 46. What is o(-20)?
6
Let s(c) = -14*c - 1. Give s(1).
-15
Let x(y) = -3*y - 33. Determine x(8).
-57
Let l(p) = -10*p + 18. Determine l(8).
-62
Let n(j) = j**3 - 5*j**2 - 2*j - 28. Give n(6).
-4
Let w(m) = -5*m**2 - 37*m - 12. What is w(-8)?
-36
Let b(y) = -y**3 + 6*y**2 - 5*y - 4. Calculate b(6).
-34
Let g(b) = 26*b + 149. Determine g(-6).
-7
Let h(x) = -x**2 + 26*x + 56. Give h(28).
0
Let p(q) = -q**3 - 4*q**2 - 3*q + 1. Calculate p(-3).
1
Let y(d) = -3*d - 23. Determine y(0).
-23
Let f(m) = -m**3 - 5*m**2 + 2*m + 1. Determine f(-5).
-9
Let a(i) = 2*i**2 + 8*i + 5. Give a(-5).
15
Let a(q) = q**3 + q**2 - 12*q + 7. Determine a(3).
7
Let f(m) = 6*m + 47. Give f(-7).
5
Let a(p) = p**2 - 2*p + 39. Calculate a(5).
54
Let j(c) = -3*c**2 + 26*c + 6. Calculate j(9).
-3
Let i(t) = 10*t + 17. What is i(-5)?
-33
Let j(b) = -b + 28. Determine j(15).
13
Let t(z) = -5*z - 4. What is t(3)?
-19
Let l(p) = p**2 - 87*p + 1186. Give l(70).
-4
Let y(o) = 3*o**3 - 2*o**2 - o + 9. Give y(-4).
-211
Let c(v) = 60*v**3 + 3*v**2 + v - 1. What is c(-1)?
-59
Let z(s) = s**3 + 8*s**2 + 7*s - 7. Give z(-6).
23
Let j(c) = -c**3 + 17*c**2 - 24*c + 30. Determine j(15).
120
Let z(r) = 4*r - 29. Determine z(6).
-5
Let k(i) = i**3 + 14*i**2 - 17*i - 4. Calculate k(-15).
26
Let m(a) = -a - 24. Calculate m(28).
-52
Let b(w) = 3*w - 2. What is b(-3)?
-11
Let a(h) = 8*h + 11. What is a(6)?
59
Let q(k) = k**3 - 4*k**2 + 2. Give q(3).
-7
Let w(d) = d**3 + 5*d**2 - 4*d + 11. Determine w(-6).
-1
Let a(h) = h**2 - 5*h + 7. Determine a(4).
3
Let q(l) = l + 33. Calculate q(-34).
-1
Let i(t) = 2*t**3 - 13*t**2 + 3*t + 16. Determine i(6).
-2
Let j(b) = 10*b + 1. Give j(-1).
-9
Let r(x) = x**3 + 7*x**2 - 2*x - 4. Determine r(-7).
10
Let a(r) = 6*r - 111. What is a(21)?
15
Let q(u) = u**2 - 3*u + 2. Calculate q(4).
6
Let s(q) = q**2 - 16*q + 21. Calculate s(15).
6
Let l(f) = 12*f - 197. What is l(16)?
-5
Let q(u) = -4*u + 35. Give q(7).
7
Let b(s) = 7*s + 1. Calculate b(1).
8
Let m(t) = t**2 - 6*t - 13. What is m(9)?
14
Let r(d) = d + 3. Determine r(3).
6
Let g(l) = -33*l + 11. Determine g(1).
-22
Let x(r) = 5*r + 68. Calculate x(-11).
13
Let j(s) = -s**2 + 21*s - 44. Calculate j(19).
-6
Let p(r) = 5*r + 24. Give p(-14).
-46
Let a(t) = -t**3 + 7*t**2 - 4*t - 3. What is a(5)?
27
Let o(d) = -2*d**2 + 10*d - 12. What is o(6)?
-24
Let s(r) = r**3 + 36*r**2 + 225*r + 32. Give s(-28).
4
Let x(o) = 3*o + 59. Give x(-18).
5
Let x(f) = 2*f**2 + 7*f + 9. Determine x(-4).
13
Let g(j) = j**2 - 47*j + 236. Determine g(6).
-10
Let t(i) = -i**2 - 3*i + 2. Determine t(0).
2
Let l(f) = -5*f**3 - f**2 - 5*f - 4. Calculate l(-1).
5
Let x(r) = -r**3 - 21*r**2 - 3*r - 67. Determine x(-21).
-4
Let i(a) = a**3 - 22*a**2 + 22*a - 37. Give i(21).
-16
Let f(m) = m**2 - 3*m - 4. What is f(0)?
-4
Let p(m) = 4*m**2 + 23*m - 8. Calculate p(-7).
27
Let j(t) = -15*t + 9. Give j(3).
-36
Let z(m) = -m**3 + 8*m**2 + 2*m - 5. What is z(8)?
11
Let d(u) = 6*u - 5. What is d(4)?
19
Let c(d) = -11*d - 8. Give c(-5).
47
Let z(a) = a**3 + 19*a**2 - 14. Calculate z(-19).
-14
Let k(h) = 5*h + 7. Determine k(11).
62
Let u(b) = 21*b - 1801. Calculate u(86).
5
Let j(p) = -8*p**2 + 2*p - 4. Determine j(4).
-124
Let o(w) = -w**2 - 21*w - 91. Calculate o(-6).
-1
Let o(w) = 6*w**2 - w - 1. Determine o(-1).
6
Let z(m) = -2*m**3 - 5*m**2 - 3*m + 2. Calculate z(-3).
20
Let v(d) = -9*d - 78. Calculate v(-9).
3
Let d(f) = 2*f**2 + 35*f + 47. Give d(-16).
-1
Let t(n) = n**2 + 16*n - 427. Calculate t(-30).
-7
Let l(v) = 2*v**2 + 5*v + 16. Calculate l(-8).
104
Let i(x) = -x + 1. Determine i(8).
-7
Let d(b) = 4*b - 31. Determine d(-7).
-59
Let p(w) = -2*w**2 + 45*w + 54. Calculate p(24).
-18
Let q(l) = 10*l - 77. Calculate q(7).
-7
Let g(r) = 6*r + 2. Give g(-3).
-16
Let h(d) = -d**3 - 17*d**2 - 28*d - 482. What is h(-17)?
-6
Let a(k) = k**3 - k**2 - 7*k + 6. Determine a(-3).
-9
Let y(c) = -c**3 + 12*c**2 + c + 10. Calculate y(12).
22
Let a(m) = m**3 + m**2 - 4*m + 5. Give a(-4).
-27
Let h(z) = 